hat is the tens digit of 1426?
2
What is the units digit of 5991?
1
What is the hundreds digit of 1859?
8
What is the units digit of 699?
9
What is the hundreds digit of 20524?
5
What is the hundreds digit of 3664?
6
What is the units digit of 1591?
1
What is the units digit of 20218?
8
What is the units digit of 28062?
2
What is the hundreds digit of 123755?
7
What is the units digit of 12870?
0
What is the tens digit of 10011?
1
What is the hundreds digit of 4501?
5
What is the thousands digit of 3779?
3
What is the tens digit of 55008?
0
What is the units digit of 340?
0
What is the hundreds digit of 37825?
8
What is the tens digit of 1292?
9
What is the hundreds digit of 1355?
3
What is the thousands digit of 21193?
1
What is the thousands digit of 95428?
5
What is the thousands digit of 1615?
1
What is the ten thousands digit of 12136?
1
What is the ten thousands digit of 13387?
1
What is the units digit of 15327?
7
What is the thousands digit of 12977?
2
What is the tens digit of 706?
0
What is the ten thousands digit of 10835?
1
What is the hundreds digit of 134?
1
What is the hundreds digit of 576?
5
What is the hundreds digit of 275?
2
What is the thousands digit of 7607?
7
What is the tens digit of 49731?
3
What is the thousands digit of 3370?
3
What is the ten thousands digit of 12497?
1
What is the units digit of 58?
8
What is the ten thousands digit of 91267?
9
What is the hundreds digit of 2937?
9
What is the units digit of 11036?
6
What is the units digit of 2907?
7
What is the thousands digit of 2033?
2
What is the units digit of 6876?
6
What is the units digit of 126648?
8
What is the tens digit of 904?
0
What is the hundreds digit of 3234?
2
What is the hundreds digit of 34420?
4
What is the hundreds digit of 377?
3
What is the tens digit of 5896?
9
What is the units digit of 99?
9
What is the tens digit of 1193?
9
What is the ten thousands digit of 134203?
3
What is the hundreds digit of 35197?
1
What is the units digit of 22563?
3
What is the thousands digit of 4775?
4
What is the thousands digit of 38312?
8
What is the hundreds digit of 1156?
1
What is the tens digit of 30523?
2
What is the hundreds digit of 19100?
1
What is the hundreds digit of 5760?
7
What is the hundreds digit of 1715?
7
What is the tens digit of 114?
1
What is the thousands digit of 1497?
1
What is the tens digit of 67?
6
What is the thousands digit of 86671?
6
What is the ten thousands digit of 104851?
0
What is the ten thousands digit of 13683?
1
What is the hundreds digit of 42581?
5
What is the thousands digit of 10356?
0
What is the units digit of 4438?
8
What is the thousands digit of 3481?
3
What is the units digit of 1136?
6
What is the units digit of 24319?
9
What is the units digit of 89?
9
What is the thousands digit of 87890?
7
What is the units digit of 623?
3
What is the hundreds digit of 10228?
2
What is the thousands digit of 6175?
6
What is the tens digit of 946?
4
What is the tens digit of 12899?
9
What is the thousands digit of 6486?
6
What is the tens digit of 2122?
2
What is the ten thousands digit of 107025?
0
What is the thousands digit of 48637?
8
What is the tens digit of 18487?
8
What is the thousands digit of 2713?
2
What is the hundreds digit of 2922?
9
What is the thousands digit of 40602?
0
What is the hundreds digit of 19747?
7
What is the thousands digit of 18564?
8
What is the units digit of 84?
4
What is the units digit of 52?
2
What is the thousands digit of 6231?
6
What is the thousands digit of 1380?
1
What is the hundred thousands digit of 116255?
1
What is the tens digit of 27?
2
What is the thousands digit of 1625?
1
What is the hundreds digit of 65623?
6
What is the hundreds digit of 43625?
6
What is the units digit of 9796?
6
What is the tens digit of 1060?
6
What is the hundreds digit of 86143?
1
What is the hundreds digit of 973?
9
What is the tens digit of 4123?
2
What is the thousands digit of 3187?
3
What is the thousands digit of 91589?
1
What is the ten thousands digit of 31533?
3
What is the thousands digit of 5173?
5
What is the thousands digit of 11040?
1
What is the units digit of 892?
2
What is the hundreds digit of 129?
1
What is the tens digit of 1029?
2
What is the tens digit of 16877?
7
What is the hundreds digit of 29907?
9
What is the units digit of 1686?
6
What is the hundreds digit of 431?
4
What is the units digit of 8276?
6
What is the hundred thousands digit of 189930?
1
What is the ten thousands digit of 11022?
1
What is the thousands digit of 3878?
3
What is the thousands digit of 3935?
3
What is the ten thousands digit of 97152?
9
What is the hundreds digit of 6236?
2
What is the units digit of 2057?
7
What is the tens digit of 53?
5
What is the units digit of 19611?
1
What is the tens digit of 8241?
4
What is the hundreds digit of 1945?
9
What is the tens digit of 2249?
4
What is the ten thousands digit of 15663?
1
What is the tens digit of 54158?
5
What is the hundreds digit of 3424?
4
What is the units digit of 1140?
0
What is the units digit of 2046?
6
What is the tens digit of 2794?
9
What is the units digit of 70?
0
What is the hundreds digit of 74130?
1
What is the thousands digit of 77115?
7
What is the units digit of 181244?
4
What is the thousands digit of 1997?
1
What is the thousands digit of 3099?
3
What is the tens digit of 299?
9
What is the tens digit of 2881?
8
What is the ten thousands digit of 102110?
0
What is the tens digit of 1134?
3
What is the thousands digit of 34912?
4
What is the hundreds digit of 1107?
1
What is the units digit of 4516?
6
What is the units digit of 18711?
1
What is the thousands digit of 4366?
4
What is the units digit of 12445?
5
What is the ten thousands digit of 91117?
9
What is the units digit of 338?
8
What is the tens digit of 27049?
4
What is the hundreds digit of 279?
2
What is the units digit of 110582?
2
What is the thousands digit of 2269?
2
What is the tens digit of 50?
5
What is the units digit of 1390?
0
What is the thousands digit of 3267?
3
What is the hundreds digit of 704?
7
What is the units digit of 1223?
3
What is the units digit of 7369?
9
What is the units digit of 96?
6
What is the tens digit of 52?
5
What is the thousands digit of 2560?
2
What is the hundreds digit of 4100?
1
What is the thousands digit of 2122?
2
What is the units digit of 17758?
8
What is the hundreds digit of 2091?
0
What is the hundreds digit of 2026?
0
What is the units digit of 18800?
0
What is the tens digit of 5370?
7
What is the units digit of 52?
2
What is the units digit of 175?
5
What is the tens digit of 3685?
8
What is the thousands digit of 5330?
5
What is the units digit of 12155?
5
What is the ten thousands digit of 15168?
1
What is the ten thousands digit of 42358?
4
What is the units digit of 14799?
9
What is the units digit of 14477?
7
What is the hundreds digit of 28277?
2
What is the thousands digit of 28067?
8
What is the hundreds digit of 4963?
9
What is the hundreds digit of 16604?
6
What is the hundreds digit of 12239?
2
What is the hundreds digit of 2106?
1
What is the units digit of 82386?
6
What is the hundreds digit of 632?
6
What is the hundreds digit of 62642?
6
What is the thousands digit of 1603?
1
What is the hundreds digit of 33794?
7
What is the thousands digit of 28665?
8
What is the hundreds digit of 80977?
9
What is the hundreds digit of 23006?
0
What is the hundreds digit of 1707?
7
What is the tens digit of 5215?
1
What is the thousands digit of 34031?
4
What is the thousands digit of 8615?
8
What is the tens digit of 1316?
1
What is the thousands digit of 14530?
4
What is the ten thousands digit of 43841?
4
What is the tens digit of 819?
1
What is the hundreds digit of 10052?
0
What is the units digit of 2064?
4
What is the tens digit of 2253?
5
What is the hundreds digit of 71449?
4
What is the ten thousands digit of 91158?
9
What is the hundreds digit of 154?
1
What is the tens digit of 13?
1
What is the tens digit of 7603?
0
What is the ten thousands digit of 41932?
4
What is the thousands digit of 10374?
0
What is the thousands digit of 5130?
5
What is the tens digit of 5501?
0
What is the tens digit of 2157?
5
What is the tens digit of 450?
5
What is the units digit of 9703?
3
What is the hundreds